digit of y?
9
What is the hundreds digit of (-1144)/132*(1 + 118/(-4))?
2
Let m = 2667 - 1720. What is the hundreds digit of m?
9
Let p(c) = -c**3 - 6*c**2 - 2*c + 6. Suppose 3*k = -22 + 136. Suppose -a + 4*f = -0*f + 14, 5*a + k = 4*f. What is the units digit of p(a)?
8
Let d = -1391 + 1954. What is the tens digit of d?
6
Let v = 12 + -22. Let c be (v/(-6))/((-9)/(-27)). What is the units digit of 19 + (-6)/(-15)*c?
1
Let j = -49 + 372. What is the hundreds digit of j?
3
Let k be -4 + (-4 - 23)/(-3). What is the hundreds digit of 3/15 + 514/k?
1
Let m = 328 + -139. What is the units digit of m?
9
Suppose 4*j - 679 = 405. What is the units digit of j?
1
Let k(s) = 10*s**3 + 2*s**3 - 14*s**3 + s**2 + 21 - 15 + 8*s - 7*s**2. Suppose -2*w - w - 15 = 0. What is the tens digit of k(w)?
6
Let c(y) = -y**2 - 4*y + 3. Let b be c(-5). What is the hundreds digit of 126 + 0 - (-1)/(-2)*b?
1
Suppose -d = -4*v - 179 + 40, 3*v - 3*d + 102 = 0. What is the units digit of (44/(-1))/(14/v)?
0
Suppose c - 2*z = -0*c + 51, 5*c - 229 = -3*z. Let g = c + -33. What is the units digit of g?
4
What is the tens digit of 1*(22425/35 - (-8)/28)?
4
Let c(i) = 7*i**2 - 23*i - 10. Let r(w) = -w**2 + w - 1. Let o(t) = c(t) + 6*r(t). What is the tens digit of o(20)?
4
Suppose 3*x = 4*x - 4*l - 53, 5*x - 4*l - 329 = 0. Let o = 17 + x. Let t = -54 + o. What is the units digit of t?
2
Suppose -5*p = -2 - 13. Suppose p*d = -37 + 211. What is the tens digit of d?
5
Let j be 52/(-91) - ((-162)/14 - -1). What is the tens digit of 2094/j - (-27)/45?
1
Suppose 5*u - 3*p + 6*p = 12213, 4*u + p = 9769. What is the tens digit of u?
4
Let d(u) be the first derivative of 5*u**2/2 + 10*u - 14. What is the tens digit of d(11)?
6
Suppose -2*y = -7*y + 100. Suppose -1150 = -30*u + y*u. What is the hundreds digit of u?
1
Suppose 33*j - 23*j - 600 = 0. What is the units digit of j?
0
Let x be 9/(-1) + -4 + 8. Let r = 5 - 4. Let l = r - x. What is the units digit of l?
6
Let s be 154/33*3/2. Suppose -s*o + 137 - 11 = 0. What is the units digit of o?
8
What is the units digit of (-5)/((-350)/(-36) + -10)?
8
Suppose 3*v = b + 4292, -2866 = -2*v - 8*b + 11*b. What is the tens digit of v?
3
Suppose -34956 = -333*r + 321*r. What is the hundreds digit of r?
9
Suppose -2*d - 94 = -3*h - 3*d, -5*d + 5 = 0. Let v(s) = -s**3 - s**2 - 14. Let n be v(0). Let u = h + n. What is the units digit of u?
7
Let n(d) = 401*d**3 - d**2 + 8*d - 6. What is the thousands digit of n(2)?
3
Suppose -4*z - 253 = w, 3*z + 207 = -2*w + 7*w. Let b = z + 101. What is the tens digit of b?
3
Let q be 46/14 + (-14)/49. Suppose -5 = -q*g - 2. Suppose -g = o, -s - 5*o + 0*o + 16 = 0. What is the tens digit of s?
2
Suppose -624 = -6*p - 0*p. Suppose -3*y + p = -y. What is the units digit of y?
2
Suppose i - 30 = 40. What is the units digit of i?
0
Suppose 5*h = 3*r - 15, 2*h - 5*h - r + 5 = 0. Let d(g) = 2*g - 155. Let m be d(h). What is the tens digit of (-6)/27 - m/9?
1
What is the units digit of 12/3 - (-5 + 7)?
2
Suppose -4*u - 3*t = -159, 3*u + 2*t = -u + 158. Let w = u - 29. Suppose 0*x - 4*z = 3*x - 53, w = 5*z. What is the units digit of x?
5
Let o = -135 - -339. What is the units digit of o?
4
Suppose -3*z + 15 = -60. Let r = z + 47. What is the units digit of r?
2
Let w(c) = 13*c**2 - 62*c + 12. What is the units digit of w(5)?
7
Let v(a) = 8*a + 1. Let i be (1*-2)/((-1)/2). Suppose s = 0, -s + i*s + 1 = f. What is the units digit of v(f)?
9
Let s = -1287 - -2896. What is the units digit of s?
9
Let m(x) be the first derivative of x**2 + 7*x - 1. Let l = -8 - -13. What is the tens digit of m(l)?
1
Let o = -19 - -441. What is the hundreds digit of o?
4
Let u be (-160)/26 + 8/52. Let r(m) = m**2 + 4*m - 13. Let i be r(u). What is the units digit of i + (-24)/(-5 - -1)?
5
Let x = -483 - -846. What is the units digit of x?
3
Let a(v) = 4*v + 17. Let g(k) = k + 1. Let t(m) = -a(m) - 3*g(m). What is the units digit of t(-5)?
5
Suppose 4*w - 23 = -g + 55, -4*w = -16. Suppose 0 = -2*x - 2*h + g, 5*x - 139 = 2*h - 3*h. What is the tens digit of x?
2
Suppose x - 6*x + 25 = 0. Suppose 89 + 96 = -x*y. Let t = y - -61. What is the units digit of t?
4
Let l = -44 - 86. Let n = 6 - l. What is the units digit of n?
6
Let f(x) = 5*x**2 - 9*x + 10. Let b = -16 + 14. Let w(o) = -o**2 + 2*o - 2. Let v(m) = b*f(m) - 11*w(m). What is the units digit of v(4)?
2
Let m = 12 + -8. Let u(j) = -m - 6*j + 5*j + 5 + 3*j**2. What is the tens digit of u(2)?
1
Let b(i) be the second derivative of -i**4/12 + 7*i**3/2 + 5*i**2 + 26*i. What is the tens digit of b(16)?
9
Let p be 6/2*(131 - 1). Suppose -5 - p = -5*m + 5*s, 0 = -3*m - 3*s + 249. Let k = m + -50. What is the tens digit of k?
3
Suppose 2460 = -38*t + 42*t - 4*d, 2 = -d. What is the tens digit of t?
1
Let c = -96 + 146. Suppose 0 = 3*f + 2*f - c. What is the units digit of f?
0
Let s = 552 - -644. What is the tens digit of s?
9
Suppose -5*v - 33 = -4*m, 0 = 2*v + 11 - 1. Suppose -4*a + l = -413, m*l = -2*a + 6*a - 414. What is the hundreds digit of a?
1
Suppose 4*f = -2*x - 3 - 1, 0 = -f + 5*x + 10. Suppose -2*t + 4*t - 14 = f. What is the units digit of t?
7
Suppose -3*b - 81 = -3*d, 3 = b - 4*d + 39. Let z = b - -27. Suppose -15 = -3*v, -2*u + z*v + 21 = 2*u. What is the units digit of u?
9
Suppose -19 = i - 2*i - 2*o, 5*o - 59 = -3*i. Suppose 0 = -m + 2*t + 25, -m + t + 6 = -i. What is the units digit of m?
3
Let w be (-44)/(-2) - 88/(-22). Suppose -3*d + w = -58. What is the units digit of d?
8
Let k(z) = z**3 + 4*z**2 - 2*z - 6. Let o be k(-4). Suppose 0 = 5*j + 4*x + 204, 3*j - 202 = 8*j + o*x. What is the units digit of 3/(-2)*j/15?
4
Let u = -5 - 1. What is the tens digit of (-1079)/(-52) + u/8?
2
Let l be ((-6)/5)/(24/(-60)). Suppose -l*a + a + 46 = 0. What is the tens digit of a?
2
Let j(z) = z**2 + 4*z + 3. Suppose 0 = 5*c + r + 23, -4*r = -4*c + 3*c - 13. Let h be j(c). What is the units digit of 7/((-70)/h)*-5?
4
Suppose 19*t - 2*t = 5933. What is the hundreds digit of t?
3
Let u(b) = 117*b**2 - 4*b - 3. Let i be u(-1). Suppose -7*m - p = -4*m - i, 4*m + 5*p = 139. What is the units digit of m?
1
Suppose 3*q - 12 = 0, q - 4*q - 76 = -a. Suppose g - a + 19 = 0. What is the units digit of g?
9
Let x(p) be the first derivative of -p**4/4 + 10*p**3/3 + 21*p + 13. What is the units digit of x(10)?
1
Suppose 3*p - 584 = -x - 0*x, -2*x - 3*p = -1165. Let a = 917 - x. What is the hundreds digit of a?
3
Let i(c) = -2*c**3 - 8*c**2 + 4*c - 5. Let u be i(-7). Suppose 3*d - u = -2*d - h, 2*d + 5*h - 109 = 0. What is the tens digit of d?
5
What is the units digit of (-47281)/(-65) - 4/10?
7
Let p = -143 - -383. Let n = -51 + p. What is the hundreds digit of n?
1
Let d(f) be the third derivative of -2*f**6/15 - f**3/6 - 2*f**2 - 41*f. Let p be 1/(0 - (1 + 0)). What is the units digit of d(p)?
5
Suppose -15*n = -10394 - 1171. What is the units digit of n?
1
Let j(y) = -4*y + 7. Let v be j(7). Suppose 5*z = 2*z + 93. Let a = v + z. What is the tens digit of a?
1
Let m be (-18*1/1)/(8/52). Let p = -71 - m. What is the units digit of p?
6
Let a = 338 + 430. What is the tens digit of a?
6
Suppose -408 = -2*d - 5*o, -6*o = -7*o. What is the hundreds digit of d?
2
Suppose -5*q + 4*p - 1439 = 0, 0*q - 2*q + 3*p - 570 = 0. Let d = -177 - q. What is the hundreds digit of d?
1
Suppose -y = 26 - 25. Let k(s) = 21*s**2 + s + 4. Let o(x) = 22*x**2 + x + 3. Let c(q) = -3*k(q) + 4*o(q). What is the units digit of c(y)?
4
What is the hundreds digit of (-309)/(27/18*-1)?
2
Suppose -3*r = r - 984. Suppose -r = -6*d + 120. What is the units digit of d?
1
Suppose -4*t + 108 = 124. What is the tens digit of 635/2 - 10/t?
2
What is the thousands digit of -3 - 4 - 122*369/(-18)?
2
Let u(x) = -x**3 - 2*x**2 + 3*x. Let w be u(3). What is the tens digit of (-4)/1*585/w?
6
Let b(p) = -8*p + 63. Let w be b(-29). Suppose 0 = 3*m - 8*m + w. What is the units digit of m?
9
Let f be -1 - (-3 - (-4 + 4)). Suppose f*b = -h + 32, 4*h + 3*b = -h + 181. What is the tens digit of h?
3
Let j(u) = u**3 + u**2 - 7*u - 6. Let q be j(-4). Let o = q - -26. Suppose 5*y + 2*v + 5 = 0, o*y + 3*y = v + 8. What is the units digit of y?
1
Let j = -77 + 152. Suppose 60 = 2*r + 4*x, -r = 3*r - x - j. What is the units digit of (-12)/(-8)*r - 2?